t j be 8 + (0/(-2))/2. Suppose -50*p = -35*p - 150. Calculate the greatest common factor of j and p.
2
Let u = 43 - 43. Suppose u*t + 5*t = 80. What is the highest common factor of t and 144?
16
Suppose 4*q = 126 + 26. Let i = q + -3. Let z(x) = -28*x + 7. Let c be z(-11). What is the greatest common factor of c and i?
35
Let m = 11 - -1. Suppose -5*p + m = -13. Suppose 6*w = p*w + 18. Calculate the greatest common divisor of 6 and w.
6
Suppose 6*b + 109 + 53 = 0. Let z be 26 + 9/(b/(-12)). Calculate the highest common factor of 30 and z.
30
Let v be 2 - ((-96)/6 + 6). Let x be 5768/20 - (-2)/(-5). Let t be x/(-20)*20/(-6). What is the highest common divisor of t and v?
12
Let t be 14 - -15*8/(-10). Let h = -2 + 4. Suppose -h*f - 54 = -5*f. What is the greatest common factor of f and t?
2
Let d = -596 - -710. Calculate the highest common divisor of d and 3078.
114
Let q be 30*(-4)/(24/(-135)). Let w be (6/10)/(15/q). Calculate the highest common divisor of w and 3.
3
Suppose -29 = -2*v - q, 3*v - 2*q = -v + 62. Calculate the highest common factor of v and 78.
3
Let g = 89 + 72. Let c be (-657)/146*138/(-27). What is the highest common divisor of g and c?
23
Let r be 2/6 - (-142)/6. Let n be 12/2*12*(-25)/(-15). What is the greatest common factor of r and n?
24
Suppose -17*u = 20*u - 666. Calculate the highest common divisor of u and 4.
2
Suppose -7*i + 3242 = 834. Calculate the greatest common divisor of i and 43.
43
Suppose -2*a + 2*w - w = -155, 79 = a - 2*w. What is the highest common divisor of a and 341?
11
Let g(w) = -w**3 - 6*w**2 - 4*w + 18. Let b be g(-9). Calculate the greatest common factor of 54 and b.
27
Let o(d) = -20*d - 19. Let a be o(-8). Let x = -90 + a. What is the greatest common divisor of x and 17?
17
Let n(c) = c**3 - 15*c**2 - 13*c + 18. Suppose -q + 23 - 7 = 0. Let p be n(q). Suppose -16 - 14 = -5*j. Calculate the highest common factor of p and j.
6
Suppose 3*l - 36 = 2*l. Let y(u) = u - 19. Let t be y(10). Let j be (-5)/((-15)/t) + 15. Calculate the greatest common factor of l and j.
12
Suppose 31*t = -o + 26*t + 936, 3*o + 5*t = 2858. What is the highest common divisor of 31 and o?
31
Let f be (-1 - 0)/(9/(-54)). Let m be 3 - ((-3)/5 - f/15). What is the greatest common divisor of m and 16?
4
Let d = 13 + -20. Let l = 11 + d. Suppose -m = -l*c - 34, 4*c + c - 115 = -4*m. Calculate the greatest common factor of 75 and m.
15
Let p be 2 - ((-162)/(-8) - (-4)/(-16)). Let i be 3/(p/(-56))*9/6. What is the highest common divisor of i and 56?
14
Suppose 2*j + 4*i - 86 = 0, -45 - 76 = -3*j + 2*i. What is the greatest common factor of 41 and j?
41
Let k(t) = -2*t**2 - 12*t + 8. Let l be k(-6). Suppose -l*b - 49 = -15*b. What is the greatest common divisor of 28 and b?
7
Let y be (-670)/(-20) - 10/4. What is the greatest common factor of 31 and y?
31
Let k = 44 - 38. Suppose 10*q - k*q = 8. Calculate the greatest common divisor of 16 and q.
2
Suppose f + 3*f + 2*w = 3568, 5*f - 4454 = -w. Suppose f + 413 = x. Suppose x - 215 = 4*k. What is the greatest common divisor of k and 34?
34
Suppose 0 = -18*q - 1120 + 2920. What is the greatest common divisor of q and 20?
20
Suppose -49 = -6*n + 11. Suppose -q - 297 = -4*w, 0*w + 4*q = 3*w - 213. Suppose w = 4*x - x. What is the highest common factor of n and x?
5
Let n be (((-1848)/49)/11)/(1/(-21)). What is the greatest common factor of n and 2232?
72
Let c = 35 - 32. Suppose 200 = c*i - i. Let v(y) = y**2 + 2*y + 5. Let k be v(-5). Calculate the highest common divisor of i and k.
20
Suppose 3*u - 8*u = -715. Let t = -106 + u. Calculate the highest common divisor of 37 and t.
37
Let w = -4 - 1. Let z be (1/1)/(w/(-25)). Suppose 4*d + z - 9 = 0. What is the highest common divisor of d and 8?
1
Let o = -1198 + 1430. Calculate the greatest common factor of 522 and o.
58
Let k(l) = 5*l + 12. Let g be k(-2). What is the greatest common divisor of g and 10?
2
Let t = 252 + -200. What is the greatest common divisor of t and 182?
26
Let v be 348/33 + 2 + 6/(-11). Suppose 4*s + 0*q = q + 431, -s = -5*q - 103. Calculate the highest common divisor of v and s.
12
Let h be (9 - 9) + 8*1/2. What is the greatest common divisor of h and 12?
4
Let v be (6 - 64/12)*3. Calculate the greatest common divisor of 8 and v.
2
Let y(k) = -9*k + 12*k + 109 - 128. Let q be y(12). What is the greatest common divisor of 272 and q?
17
Suppose 5850 = 40*t - 25*t. Calculate the greatest common divisor of 78 and t.
78
Let w(d) = -d**3 - 5*d**2 - 7*d - 9. Let s be w(-4). What is the highest common divisor of 60 and s?
3
Let m be (-1)/(((-5)/(-18))/(-5)). Let n(g) = -2*g**3 + 5*g**2 + 36*g - 93. Let z be n(3). Calculate the highest common divisor of z and m.
6
Let c be (-2448)/187 - -13 - 6249/(-11). What is the highest common divisor of c and 213?
71
Let n(q) = -9*q**2 + 33*q + 7. Let v(p) = 4*p**2 - 16*p - 3. Let y(s) = -2*n(s) - 5*v(s). Let c be y(7). What is the greatest common divisor of 5 and c?
1
Suppose 5*l - 5*j - 5 = 0, -5 + 36 = 4*l + 5*j. Suppose 5*r + 15 = 0, 3*b + l*r - 171 = r. What is the greatest common factor of b and 10?
10
Suppose -v = -1 - 1, -o + 4*v = -795. Calculate the greatest common divisor of 11 and o.
11
Let y(i) = -i**2 - 13*i + 5. Let w be y(-13). Calculate the greatest common factor of 10 and w.
5
Let r(p) = p**2 - 9*p + 5. Let q be r(7). Let f be (15 + q)/((-6)/(-9)). Calculate the highest common divisor of 72 and f.
9
Let q = 381 + -179. Let v = -138 + q. Calculate the highest common divisor of 16 and v.
16
Let v be 4/(-24) - (-185)/30. Let z(o) = o**3 - 7*o**2 + 8*o - 6. Let n be z(v). Suppose -8*u + 30 = -n*u. Calculate the greatest common factor of u and 135.
15
Suppose 27 = 4*k - 3*j, -5*k + j + 32 = -j. Suppose -2*f + 22 = 3*r, 2*f - 4*f + 24 = 4*r. What is the greatest common factor of k and f?
2
Let h(a) = -a**3 + 7*a**2 + 66*a - 30. Let b be h(12). Let c = 51 - 23. What is the greatest common factor of c and b?
14
Let h be (67/5 - 14)*(-1 - 39). Calculate the greatest common divisor of h and 1.
1
Let i be 4/(-6)*6/4. Let f(b) = 35*b**2 - 2*b - 2. Let c be f(i). Let l = 47 - c. Calculate the highest common divisor of 108 and l.
12
Let t be -7*(-8 + (-7 - -6) + 1). Calculate the highest common divisor of 16 and t.
8
Let f(m) = m**2 - 14*m + 29. Let s be f(12). Suppose 5*j - 80 = -4*l, 0 = 3*l - 2*l + s. Calculate the highest common factor of 20 and j.
20
Suppose 3*g = 6, -2*g = 3*v - 19 - 0. Let y(p) = 3*p**2 - 4*p - 1. Let u be y(v). Suppose -r = -0*r - u. What is the highest common factor of r and 6?
6
Suppose -199*y = -191*y - 792. What is the highest common factor of 33 and y?
33
Suppose 0 = 7*v - 1045 + 247. What is the highest common factor of v and 6?
6
Let v = -2058 - -2072. Suppose 20 = i - 106. Calculate the greatest common divisor of i and v.
14
Let d(i) = i**3 + 11*i**2 + 18*i + 105. Let j be d(-9). Calculate the highest common factor of j and 135.
15
Suppose -5*m + 3 = 4*l - 2, 4*m - 25 = l. Let f = m - 1. Suppose -7*p + 465 = -f*p. What is the greatest common factor of 31 and p?
31
Suppose 0 = 25*l - 39*l + 4312. Suppose 0*f + f + 16 = 0. Let a = f - -44. Calculate the greatest common factor of l and a.
28
Let z(k) = -k + 11. Let g be z(-4). Calculate the highest common divisor of 555 and g.
15
Let v = 1259 - 1235. Let l be 62 + 4/(-2*1). Calculate the greatest common divisor of l and v.
12
Suppose -2*m + k = -116, -4*m - 3*k + 238 = -8*k. What is the greatest common factor of 3 and m?
3
Let f(z) = -5*z**3 + z. Let t be f(-2). Let a = 40 - t. Calculate the greatest common divisor of 10 and a.
2
Suppose 93*l = 138*l - 1440. Calculate the greatest common factor of l and 20.
4
Let u be 13/2 - 1/(-2). Let s = 0 - 14. Let r be (s/8)/(3/(-12)). What is the highest common factor of u and r?
7
Suppose -4*n = -4*b - 12, -3*b + 4 = -5*n + 21. Let o(x) = 40*x**3 - 2*x + 2. Let l be o(b). What is the greatest common factor of 4 and l?
4
Let l be 33/((-21)/(-140)*(-10)/(-36)). Calculate the highest common factor of l and 88.
88
Let n(r) = -r**3 + 17*r**2 - 3*r - 61. Let m be n(16). Calculate the greatest common factor of m and 7.
7
Suppose -c + 39 - 9 = 0. Let g(h) = 112*h + 16. Let r be g(2). What is the greatest common divisor of r and c?
30
Suppose 330*l = 319*l + 66. Le